{"id":95,"date":"2020-01-18T15:07:54","date_gmt":"2020-01-18T15:07:54","guid":{"rendered":"http:\/\/thp-naturheilkunde.de\/?page_id=95"},"modified":"2024-05-24T08:35:41","modified_gmt":"2024-05-24T08:35:41","slug":"ueber-mich","status":"publish","type":"page","link":"https:\/\/thp-naturheilkunde.de\/?page_id=95","title":{"rendered":"\u00dcber mich"},"content":{"rendered":"\n<figure class=\"wp-block-image size-large\"><img fetchpriority=\"high\" decoding=\"async\" width=\"2560\" height=\"1599\" src=\"http:\/\/thp-naturheilkunde.de\/wp-content\/uploads\/2023\/03\/2017_06_23-Portrait-25-edited-scaled.jpg\" alt=\"\" class=\"wp-image-712\" srcset=\"https:\/\/thp-naturheilkunde.de\/wp-content\/uploads\/2023\/03\/2017_06_23-Portrait-25-edited-scaled.jpg 2560w, https:\/\/thp-naturheilkunde.de\/wp-content\/uploads\/2023\/03\/2017_06_23-Portrait-25-edited-300x187.jpg 300w, https:\/\/thp-naturheilkunde.de\/wp-content\/uploads\/2023\/03\/2017_06_23-Portrait-25-edited-1024x640.jpg 1024w, https:\/\/thp-naturheilkunde.de\/wp-content\/uploads\/2023\/03\/2017_06_23-Portrait-25-edited-768x480.jpg 768w, https:\/\/thp-naturheilkunde.de\/wp-content\/uploads\/2023\/03\/2017_06_23-Portrait-25-edited-1536x959.jpg 1536w, https:\/\/thp-naturheilkunde.de\/wp-content\/uploads\/2023\/03\/2017_06_23-Portrait-25-edited-2048x1279.jpg 2048w, https:\/\/thp-naturheilkunde.de\/wp-content\/uploads\/2023\/03\/2017_06_23-Portrait-25-edited-1140x712.jpg 1140w\" sizes=\"(max-width: 2560px) 100vw, 2560px\" \/><\/figure>\n\n\n\n<p class=\"has-drop-cap\"><br>Hallo, ich bin <strong>Gabi<\/strong> <strong>Kirstein-Besel<\/strong>, meine Lebensaufgabe ist es Tieren mit alternativen Heilmethoden zu helfen. Bei mir in der Praxis finden Sie das, was in der modernen schnelllebigen Zeit verloren gegangen ist \u2013 Zeit und Ruhe. W\u00e4hrend den Gespr\u00e4chen und Behandlungen versuche ich immer auf die innere Stimme meines Herzens zu h\u00f6ren und meiner Intuition zu folgen, um so den richten Weg f\u00fcr Sie und Ihr Tier zu finden. <\/p>\n\n\n\n<div style=\"height:35px\" aria-hidden=\"true\" class=\"wp-block-spacer\"><\/div>\n\n\n\n<blockquote class=\"wp-block-quote has-text-align-center is-layout-flow wp-block-quote-is-layout-flow\">\n<p><em>Die wirksamste Medizin ist die nat\u00fcrliche Heilkraft, die im Inneren eines jeden von uns liegt.<\/em><\/p>\n<cite><em>Hippokrates von Kos \u00bbVater der Heilkunde\u00ab<\/em><\/cite><\/blockquote>\n\n\n\n<div style=\"height:35px\" aria-hidden=\"true\" class=\"wp-block-spacer\"><\/div>\n\n\n\n<p>Ich bin keine Heilerin, denn Heilen kann der K\u00f6rper nur sich selbst, mit der heilenden Kraft, die jedem innewohnt. Es kann lediglich ein \u201eRahmen\u201c geschaffen werden, damit K\u00f6rper, Geist und Seele in Einklang kommen k\u00f6nnen. Daf\u00fcr steht mir aufgrund meiner umfassenden Ausbildung ein gro\u00dfes Spektrum an Therapieformen zu Verf\u00fcgung. <\/p>\n\n\n\n<div style=\"height:35px\" aria-hidden=\"true\" class=\"wp-block-spacer\"><\/div>\n\n\n\n<div class=\"wp-block-columns is-layout-flex wp-container-core-columns-is-layout-9d6595d7 wp-block-columns-is-layout-flex\">\n<div class=\"wp-block-column is-layout-flow wp-block-column-is-layout-flow\">\n<div class=\"wp-block-columns is-layout-flex wp-container-core-columns-is-layout-9d6595d7 wp-block-columns-is-layout-flex\">\n<div class=\"wp-block-column is-layout-flow wp-block-column-is-layout-flow\" style=\"flex-basis:50%\"><div class=\"wp-block-image is-style-default\">\n<figure class=\"alignleft size-large is-resized\"><img decoding=\"async\" width=\"1291\" height=\"1723\" src=\"http:\/\/thp-naturheilkunde.de\/wp-content\/uploads\/2023\/03\/119-edited.jpg\" alt=\"\" class=\"wp-image-708\" style=\"width:409px\" srcset=\"https:\/\/thp-naturheilkunde.de\/wp-content\/uploads\/2023\/03\/119-edited.jpg 1291w, https:\/\/thp-naturheilkunde.de\/wp-content\/uploads\/2023\/03\/119-edited-225x300.jpg 225w, https:\/\/thp-naturheilkunde.de\/wp-content\/uploads\/2023\/03\/119-edited-767x1024.jpg 767w, https:\/\/thp-naturheilkunde.de\/wp-content\/uploads\/2023\/03\/119-edited-768x1025.jpg 768w, https:\/\/thp-naturheilkunde.de\/wp-content\/uploads\/2023\/03\/119-edited-1151x1536.jpg 1151w, https:\/\/thp-naturheilkunde.de\/wp-content\/uploads\/2023\/03\/119-edited-1140x1521.jpg 1140w\" sizes=\"(max-width: 1291px) 100vw, 1291px\" \/><figcaption class=\"wp-element-caption\">Sir Henry<\/figcaption><\/figure><\/div><\/div>\n\n\n\n<div class=\"wp-block-column is-layout-flow wp-block-column-is-layout-flow\" style=\"flex-basis:70%\">\n<p class=\"has-text-color has-medium-font-size\" style=\"color:#628633\"><strong>Mein Weg <\/strong><\/p>\n\n\n\n<p>Tiere geh\u00f6ren zu meinem Leben so lange ich denken kann. Mein erstes eigenes Kaninchen Pinki bekam ich mit sechs Jahren. Sie durfte mich viele Jahre begleiten und immer wenn wir zusammen waren, sang ich ihr Lieder vor. Ein Huhn unserer Nachbarn gesellte sich zu uns und bleib so dem Schicksal \u201eSuppenhuhn\u201c verschont. Es wurde sehr zutraulich und zog mit in unser Gartenhaus zu den Kaninchen. Im Winter fuhren \u201eGocki\u201c und ich zusammen Schlitten und hatten jede Menge Spa\u00df!<\/p>\n\n\n\n<p>W\u00e4hrend meiner Grundschulzeit entfachte meine gro\u00dfe Liebe f\u00fcr die Pferde, die auch mehrere Reitunf\u00e4lle nicht ersch\u00fcttern konnte. <\/p>\n\n\n\n<p>Nach meinem Schulabschluss stand ein Beruf mit Tieren ganz oben auf meiner Liste, doch leider wollte sich nichts Passendes finden lassen und so begann ich letztendlich eine Ausbildung zur B\u00fcrokauffrau und schloss gleich eine Weiterbildung zur Bilanzbuchhalterin an. Das war auch viele Jahre \u2013 ich nenne es mal \u201enett\u201c \u2013 doch es erf\u00fcllte nicht mein Herz, es f\u00fchlte sich immer an wie ein Beruf ohne Seele. <\/p>\n\n\n\n<p>Im Juni 2003 zog dann Sir Henry, ein Parson Russell Terrier bei uns ein. Er ver\u00e4nderte alles und brachte mich auf den Weg der Naturheilkunde.<\/p>\n\n\n\n<p>Dieser Weg Krankheiten zu begegnen und zu heilen faszinierte mich immer mehr uns so beschloss ich im Dezember 2006 eine Ausbildung zu Tierheilpraktikerin zu machen. Schon nach kurzer Zeit erkannte ich, dass ich meine Berufung gefunden habe. Im Januar 2009 er\u00f6ffnete ich meine Praxis und da die Zahl der Patienten schnell wuchs, k\u00fcndige ich meinen B\u00fcrojob, um mich ganz den Tieren zu widmen.  Viele Menschen und Tiere haben dazu beigetragen, dass ich heute der Mensch, der ich bin. <\/p>\n<\/div>\n<\/div>\n<\/div>\n<\/div>\n\n\n\n<p class=\"has-text-color has-medium-font-size\" style=\"color:#628633\"><strong>Meine wichtigsten Begleiter<\/strong><\/p>\n\n\n\n<figure class=\"wp-block-gallery aligncenter has-nested-images columns-2 is-cropped wp-block-gallery-1 is-layout-flex wp-block-gallery-is-layout-flex\">\n<figure class=\"wp-block-image size-large is-style-default\"><img decoding=\"async\" width=\"1024\" height=\"767\" data-id=\"668\" src=\"http:\/\/thp-naturheilkunde.de\/wp-content\/uploads\/2023\/03\/DSC_5477-edited-1-1024x767.jpg\" alt=\"\" class=\"wp-image-668\" srcset=\"https:\/\/thp-naturheilkunde.de\/wp-content\/uploads\/2023\/03\/DSC_5477-edited-1-1024x767.jpg 1024w, https:\/\/thp-naturheilkunde.de\/wp-content\/uploads\/2023\/03\/DSC_5477-edited-1-300x225.jpg 300w, https:\/\/thp-naturheilkunde.de\/wp-content\/uploads\/2023\/03\/DSC_5477-edited-1-768x575.jpg 768w, https:\/\/thp-naturheilkunde.de\/wp-content\/uploads\/2023\/03\/DSC_5477-edited-1-1536x1150.jpg 1536w, https:\/\/thp-naturheilkunde.de\/wp-content\/uploads\/2023\/03\/DSC_5477-edited-1-2048x1533.jpg 2048w, https:\/\/thp-naturheilkunde.de\/wp-content\/uploads\/2023\/03\/DSC_5477-edited-1-1140x853.jpg 1140w\" sizes=\"(max-width: 1024px) 100vw, 1024px\" \/><figcaption class=\"wp-element-caption\">Sven &#8211; Mein Unterst\u00fctzer in allen Lebenslagen, mein Anker, bester Freund und Ehemann<\/figcaption><\/figure>\n\n\n\n<figure class=\"wp-block-image size-full is-style-default\"><img loading=\"lazy\" decoding=\"async\" width=\"781\" height=\"521\" data-id=\"570\" src=\"http:\/\/thp-naturheilkunde.de\/wp-content\/uploads\/2023\/03\/Aiske-edited.jpg\" alt=\"\" class=\"wp-image-570\" srcset=\"https:\/\/thp-naturheilkunde.de\/wp-content\/uploads\/2023\/03\/Aiske-edited.jpg 781w, https:\/\/thp-naturheilkunde.de\/wp-content\/uploads\/2023\/03\/Aiske-edited-300x200.jpg 300w, https:\/\/thp-naturheilkunde.de\/wp-content\/uploads\/2023\/03\/Aiske-edited-768x512.jpg 768w\" sizes=\"(max-width: 781px) 100vw, 781px\" \/><figcaption class=\"wp-element-caption\">Aiske, unsere Parson Russel Terrier-H\u00fcndin<\/figcaption><\/figure>\n\n\n\n<figure class=\"wp-block-image size-large is-style-default\"><img loading=\"lazy\" decoding=\"async\" width=\"1024\" height=\"768\" data-id=\"669\" src=\"http:\/\/thp-naturheilkunde.de\/wp-content\/uploads\/2023\/03\/54-1024x768.jpg\" alt=\"\" class=\"wp-image-669\" srcset=\"https:\/\/thp-naturheilkunde.de\/wp-content\/uploads\/2023\/03\/54-1024x768.jpg 1024w, https:\/\/thp-naturheilkunde.de\/wp-content\/uploads\/2023\/03\/54-300x225.jpg 300w, https:\/\/thp-naturheilkunde.de\/wp-content\/uploads\/2023\/03\/54-768x576.jpg 768w, https:\/\/thp-naturheilkunde.de\/wp-content\/uploads\/2023\/03\/54-1536x1152.jpg 1536w, https:\/\/thp-naturheilkunde.de\/wp-content\/uploads\/2023\/03\/54-2048x1536.jpg 2048w, https:\/\/thp-naturheilkunde.de\/wp-content\/uploads\/2023\/03\/54-1140x855.jpg 1140w\" sizes=\"(max-width: 1024px) 100vw, 1024px\" \/><figcaption class=\"wp-element-caption\">Sir Henry und Aiske<\/figcaption><\/figure>\n\n\n\n<figure class=\"wp-block-image size-large is-style-default\"><img loading=\"lazy\" decoding=\"async\" width=\"1024\" height=\"768\" data-id=\"571\" src=\"http:\/\/thp-naturheilkunde.de\/wp-content\/uploads\/2023\/03\/Max-heute_DxO-edited-1024x768.jpg\" alt=\"\" class=\"wp-image-571\" srcset=\"https:\/\/thp-naturheilkunde.de\/wp-content\/uploads\/2023\/03\/Max-heute_DxO-edited-1024x768.jpg 1024w, https:\/\/thp-naturheilkunde.de\/wp-content\/uploads\/2023\/03\/Max-heute_DxO-edited-300x225.jpg 300w, https:\/\/thp-naturheilkunde.de\/wp-content\/uploads\/2023\/03\/Max-heute_DxO-edited-768x576.jpg 768w, https:\/\/thp-naturheilkunde.de\/wp-content\/uploads\/2023\/03\/Max-heute_DxO-edited-1140x855.jpg 1140w, https:\/\/thp-naturheilkunde.de\/wp-content\/uploads\/2023\/03\/Max-heute_DxO-edited.jpg 1244w\" sizes=\"(max-width: 1024px) 100vw, 1024px\" \/><figcaption class=\"wp-element-caption\">Max, unser Sonnenschein: Dalmatiner-Gro\u00dfer Schweizer-Sennenhund<\/figcaption><\/figure>\n\n\n\n<figure class=\"wp-block-image size-large is-style-default\"><img loading=\"lazy\" decoding=\"async\" width=\"1766\" height=\"1178\" data-id=\"1021\" src=\"https:\/\/thp-naturheilkunde.de\/wp-content\/uploads\/2024\/05\/Gabi-und-Elli-min-edited.jpg\" alt=\"\" class=\"wp-image-1021\" srcset=\"https:\/\/thp-naturheilkunde.de\/wp-content\/uploads\/2024\/05\/Gabi-und-Elli-min-edited.jpg 1766w, https:\/\/thp-naturheilkunde.de\/wp-content\/uploads\/2024\/05\/Gabi-und-Elli-min-edited-300x200.jpg 300w, https:\/\/thp-naturheilkunde.de\/wp-content\/uploads\/2024\/05\/Gabi-und-Elli-min-edited-1024x683.jpg 1024w, https:\/\/thp-naturheilkunde.de\/wp-content\/uploads\/2024\/05\/Gabi-und-Elli-min-edited-768x512.jpg 768w, https:\/\/thp-naturheilkunde.de\/wp-content\/uploads\/2024\/05\/Gabi-und-Elli-min-edited-1536x1025.jpg 1536w, https:\/\/thp-naturheilkunde.de\/wp-content\/uploads\/2024\/05\/Gabi-und-Elli-min-edited-1140x760.jpg 1140w\" sizes=\"(max-width: 1766px) 100vw, 1766px\" \/><figcaption class=\"wp-element-caption\">Elli <\/figcaption><\/figure>\n\n\n\n<figure class=\"wp-block-image size-large is-style-default\"><img loading=\"lazy\" decoding=\"async\" width=\"1503\" height=\"1004\" data-id=\"1023\" src=\"https:\/\/thp-naturheilkunde.de\/wp-content\/uploads\/2024\/05\/Gabis-Elli-min-edited-1.jpg\" alt=\"\" class=\"wp-image-1023\" srcset=\"https:\/\/thp-naturheilkunde.de\/wp-content\/uploads\/2024\/05\/Gabis-Elli-min-edited-1.jpg 1503w, https:\/\/thp-naturheilkunde.de\/wp-content\/uploads\/2024\/05\/Gabis-Elli-min-edited-1-300x200.jpg 300w, https:\/\/thp-naturheilkunde.de\/wp-content\/uploads\/2024\/05\/Gabis-Elli-min-edited-1-1024x684.jpg 1024w, https:\/\/thp-naturheilkunde.de\/wp-content\/uploads\/2024\/05\/Gabis-Elli-min-edited-1-768x513.jpg 768w, https:\/\/thp-naturheilkunde.de\/wp-content\/uploads\/2024\/05\/Gabis-Elli-min-edited-1-1140x762.jpg 1140w\" sizes=\"(max-width: 1503px) 100vw, 1503px\" \/><figcaption class=\"wp-element-caption\">Elli<\/figcaption><\/figure>\n\n\n\n<figure class=\"wp-block-image size-large is-style-default\"><img loading=\"lazy\" decoding=\"async\" width=\"1503\" height=\"845\" data-id=\"671\" src=\"http:\/\/thp-naturheilkunde.de\/wp-content\/uploads\/2023\/03\/1.-Tag-alle-zusammen-03.10.2019-edited-2.jpg\" alt=\"\" class=\"wp-image-671\" srcset=\"https:\/\/thp-naturheilkunde.de\/wp-content\/uploads\/2023\/03\/1.-Tag-alle-zusammen-03.10.2019-edited-2.jpg 1503w, https:\/\/thp-naturheilkunde.de\/wp-content\/uploads\/2023\/03\/1.-Tag-alle-zusammen-03.10.2019-edited-2-300x169.jpg 300w, https:\/\/thp-naturheilkunde.de\/wp-content\/uploads\/2023\/03\/1.-Tag-alle-zusammen-03.10.2019-edited-2-1024x576.jpg 1024w, https:\/\/thp-naturheilkunde.de\/wp-content\/uploads\/2023\/03\/1.-Tag-alle-zusammen-03.10.2019-edited-2-768x432.jpg 768w, https:\/\/thp-naturheilkunde.de\/wp-content\/uploads\/2023\/03\/1.-Tag-alle-zusammen-03.10.2019-edited-2-1140x641.jpg 1140w\" sizes=\"(max-width: 1503px) 100vw, 1503px\" \/><figcaption class=\"wp-element-caption\">Unsere Pferde: Said (Araber), Maru (Araber), Carmin (Araber), Socke (Dt. Reitpony)<\/figcaption><\/figure>\n<\/figure>\n\n\n\n<div style=\"height:35px\" aria-hidden=\"true\" class=\"wp-block-spacer\"><\/div>\n\n\n\n<p class=\"has-text-color has-medium-font-size\" style=\"color:#628633\"><strong>Meine Ausbildung<\/strong><\/p>\n\n\n\n<div style=\"height:15px\" aria-hidden=\"true\" class=\"wp-block-spacer\"><\/div>\n\n\n\n<blockquote class=\"wp-block-quote has-text-align-center is-layout-flow wp-block-quote-is-layout-flow\">\n<p class=\"has-text-align-center\"><em>Man sieht nur mit dem Herzen gut. Das Wesentliche ist f\u00fcr die Augen unsichtbar.<\/em><\/p>\n<cite><em>Antoine de Saint-Exup\u00e9ry<\/em><\/cite><\/blockquote>\n\n\n\n<div style=\"height:15px\" aria-hidden=\"true\" class=\"wp-block-spacer\"><\/div>\n\n\n\n<p>Ein Zitat, welches mein Leben sehr gepr\u00e4gt hat und immer noch pr\u00e4gt. Und so ist aus dem Herzen heraus mein Ausbildungsweg entstanden.<\/p>\n\n\n\n<p>Noch immer glaube ich, dass den M\u00f6glichkeiten Tieren zu helfen keine Grenzen gesetzt sind. Aus diesem Grund nehme ich st\u00e4ndig an Fort- und Weiterbildungen teil. Die umfangreiche Weiterbildung zum TCVM-Therapeuten (Traditionell Chinesische Veterin\u00e4r Medizin) und Ausbildung in Craniosacral-Therapie bieten mir noch mehr individuelle und ganzheitliche Behandlungswege.<\/p>\n\n\n\n<div style=\"height:35px\" aria-hidden=\"true\" class=\"wp-block-spacer\"><\/div>\n\n\n\n<div class=\"wp-block-columns is-layout-flex wp-container-core-columns-is-layout-9d6595d7 wp-block-columns-is-layout-flex\">\n<div class=\"wp-block-column is-layout-flow wp-block-column-is-layout-flow\" style=\"flex-basis:100%\">\n<p class=\"has-background\" style=\"background-color:#d5e0c74d\">2001<br>Abschluss Gepr\u00fcfte Bilanzbuchhalterin IHK<\/p>\n\n\n\n<p class=\"has-background\" style=\"background-color:#d5e0c74d\">2007<br>Reiki I bis Meistergrad<\/p>\n\n\n\n<p class=\"has-background\" style=\"background-color:#d5e0c74d\">seit 2008&nbsp;<br>Mitglied Arbeitsgemeinschaft Deutscher Tierheilpraktiker (ADT im FVDH e.V.)<\/p>\n\n\n\n<p class=\"has-background\" style=\"background-color:#d5e0c74d\">2008<br>Sachkundenachweis nach \u00a7 50 Arzneimittelgesetz IHK<\/p>\n\n\n\n<p class=\"has-background\" style=\"background-color:#d5e0c74d\">2006\u20132009&nbsp;<br>Ausbildung Tierheilpraktikerin und ganzheitliche Verhaltenstherapeutin f\u00fcr Hunde, Katzen und Pferde \u2013 Abschlusspr\u00fcfung ADT im FVDH e.V.<\/p>\n\n\n\n<ul style=\"background-color:#d5e0c74d\" class=\"has-background wp-block-list\">\n<li>Praxistage w\u00e4hrend meiner Ausbildung:\n<ul class=\"wp-block-list\">\n<li>Sch\u00fc\u00dflersalze<\/li>\n\n\n\n<li>Bachbl\u00fcten Einf\u00fchrung und Aufbau<\/li>\n\n\n\n<li>Australische Buschbl\u00fcten<\/li>\n\n\n\n<li>Edelsteintherapie (Lithotherapie)<\/li>\n\n\n\n<li>Edelsteinessenzen<\/li>\n\n\n\n<li>Effektive Mikroorganismen<\/li>\n\n\n\n<li>Propolis naturheilkundlich und hom\u00f6opathisch<\/li>\n\n\n\n<li>Blutegeltherapie<\/li>\n\n\n\n<li>Enzymtherapie (Horvi)<\/li>\n\n\n\n<li>Phytotherapie (Kr\u00e4uterheilkunde)<\/li>\n\n\n\n<li>TCM-Kr\u00e4uter im westlichen Einsatz<\/li>\n\n\n\n<li>Aromatherapie<\/li>\n\n\n\n<li>Alternative Schmerztherapie<\/li>\n\n\n\n<li>Farb- und Chakratherapie<\/li>\n\n\n\n<li>K\u00f6rperzonenarbeit (ZNS und Dermatome)<\/li>\n\n\n\n<li>Radionik und Arbeit mit dem Tensor<\/li>\n\n\n\n<li>Bioresonanztherapie<\/li>\n\n\n\n<li>Tierkommunikation<\/li>\n\n\n\n<li>Ganzheitliche Tierverhaltenstherapie<\/li>\n\n\n\n<li>Hom\u00f6opathische Hausapotheke<\/li>\n\n\n\n<li>Hom\u00f6opathie Potenzen und Arzneimittelbilder<\/li>\n\n\n\n<li>Hom\u00f6opathie Komplexmittel<\/li>\n\n\n\n<li>Hom\u00f6opathie Miasmen und Nosoden<\/li>\n\n\n\n<li>Hom\u00f6opathische Konstitutionsmittel<\/li>\n\n\n\n<li>Hom\u00f6opathie Synthesis (Repertorisation)<\/li>\n\n\n\n<li>Ern\u00e4hrung Hund (Futtermittelanalysen)<\/li>\n\n\n\n<li>Anamnese Hund<\/li>\n\n\n\n<li>Wesen Hund<\/li>\n\n\n\n<li>Aggressionsverhalten Hund<\/li>\n\n\n\n<li>Verhaltenstraining Hund (Thomas Schneider)<\/li>\n\n\n\n<li>Bewegungsapparat Hund<\/li>\n\n\n\n<li>Massage und Dehn\u00fcbungen Hund<\/li>\n\n\n\n<li>Physiotherapie Hund<\/li>\n\n\n\n<li>S\u00e4ure-Basen-Haushalt<\/li>\n\n\n\n<li>Entgiftung<\/li>\n\n\n\n<li>Lymphsystem<\/li>\n\n\n\n<li>Endokrines Dr\u00fcsensystem<\/li>\n\n\n\n<li>Erkrankungen des Immunsystems und Autoimmunerkrankungen<\/li>\n\n\n\n<li>Krankheiten und psychische Bedeutungen<\/li>\n\n\n\n<li>Nierenerkrankungen<\/li>\n\n\n\n<li>Wohlstandserkrankungen<\/li>\n\n\n\n<li>Tumorerkrankungen<\/li>\n\n\n\n<li>Mittelmeererkrankungen und Borreliose<\/li>\n\n\n\n<li>Differentialdiagnostik<\/li>\n\n\n\n<li>Geriatrie und Sterbebegleitung<\/li>\n\n\n\n<li>Alternative Schmerztherapie<\/li>\n\n\n\n<li>Blutabnahme und Injektionstechniken<\/li>\n\n\n\n<li>Verb\u00e4nde anlegen und erste Hilfe<\/li>\n\n\n\n<li>Umgang mit dem Patientenhalter<\/li>\n\n\n\n<li>Ern\u00e4hrung und Di\u00e4tetik Pferd<\/li>\n\n\n\n<li>Anamnese Pferd<\/li>\n\n\n\n<li>Atemwegserkrankungen Pferd<\/li>\n\n\n\n<li>Motivierendes Bodenarbeitstraining Pferd<\/li>\n\n\n\n<li>Hufkurs 2-t\u00e4gig<\/li>\n\n\n\n<li>Lahmheitsdiagnosen Pferd<\/li>\n\n\n\n<li>Hom\u00f6opathie V\u00f6gel<\/li>\n\n\n\n<li>Hom\u00f6opathie Kaninchen und Nager<\/li>\n<\/ul>\n<\/li>\n<\/ul>\n\n\n\n<p class=\"has-background\" style=\"background-color:#d5e0c74d\">2010<br>Fortbildung Di\u00e4tetik bei Hunden und Katzen<\/p>\n\n\n\n<p class=\"has-background\" style=\"background-color:#d5e0c74d\">2011<br>Ausbildung Mykotherapie \u2013 Heilen mit Pilzen bei Franz Schmaus<\/p>\n\n\n\n<p class=\"has-background\" style=\"background-color:#d5e0c74d\">2012\u20132013<br>Ausbildung Traditionelle Chinesische Medizin (TCM)<\/p>\n\n\n\n<p class=\"has-background\" style=\"background-color:#d5e0c74d\">2010\u20132014<br>Seminare Spagyrik nach Dr. Zimpel<\/p>\n\n\n\n<p class=\"has-background\" style=\"background-color:#d5e0c74d\">2013<br>Basiskurz des flexiblen Tapings <\/p>\n\n\n\n<p class=\"has-background\" style=\"background-color:#d5e0c74d\">2013<br>Einweihung in das Erian-Licht-System<\/p>\n\n\n\n<p class=\"has-background\" style=\"background-color:#d5e0c74d\">2012\u20132013<br>Ausbildung Craniosacral-Therapie (84 Lehrstunden)<\/p>\n\n\n\n<p class=\"has-background\" style=\"background-color:#d5e0c74d\">2014<br>Geistige Wirbels\u00e4ulenaufrichtung nach Pjotr Elkunoviz<\/p>\n\n\n\n<p class=\"has-background\" style=\"background-color:#d5e0c74d\">2008\u20132016<br>Dozentin an der Tiernaturheilkundeschule Britta Vock<\/p>\n\n\n\n<p class=\"has-background\" style=\"background-color:#d5e0c74d\">2018<br>Fortbildung Bioenergetisches Austesten und der Emotionscode<\/p>\n\n\n\n<p class=\"has-background\" style=\"background-color:#d5e0c74d\">2019<br>Fortbildung\/Coaching f\u00fcr energetische Anwendungen<\/p>\n\n\n\n<p class=\"has-background\" style=\"background-color:#d5e0c74d\">2019<br>Ayurveda in Sri Lanka, Bentota Pure Nature Ayurveda House<br>Seit meiner Ayurveda-Kur im Sommer 2019 besch\u00e4ftige ich mich mit dieser Heilmethode und versuche sie mehr und mehr in meine Arbeit mit einflie\u00dfen zu lassen.<\/p>\n<\/div>\n<\/div>\n","protected":false},"excerpt":{"rendered":"<p>Hallo, ich bin Gabi Kirstein-Besel, meine Lebensaufgabe ist es Tieren mit alternativen Heilmethoden zu helfen. Bei mir in der Praxis finden Sie das, was in der modernen schnelllebigen Zeit verloren gegangen ist \u2013 Zeit und Ruhe. W\u00e4hrend den Gespr\u00e4chen und Behandlungen versuche ich immer auf die innere Stimme meines Herzens zu h\u00f6ren und meiner Intuition zu folgen, um so den richten Weg f\u00fcr Sie und Ihr Tier zu finden. Die wirksamste Medizin ist die nat\u00fcrliche Heilkraft, die im Inneren eines jeden von uns liegt. Hippokrates von Kos \u00bbVater der Heilkunde\u00ab Ich bin keine Heilerin, denn Heilen kann der K\u00f6rper nur sich selbst, mit der heilenden Kraft, die jedem innewohnt. Es kann lediglich ein \u201eRahmen\u201c geschaffen werden, damit K\u00f6rper, Geist und Seele in Einklang kommen k\u00f6nnen. Daf\u00fcr steht mir aufgrund meiner umfassenden Ausbildung ein gro\u00dfes Spektrum an Therapieformen zu Verf\u00fcgung. Mein Weg Tiere geh\u00f6ren zu meinem Leben so lange ich denken kann. Mein erstes eigenes Kaninchen Pinki bekam ich mit sechs Jahren. Sie durfte mich viele Jahre begleiten und immer wenn wir zusammen waren, sang ich ihr Lieder vor. Ein Huhn unserer Nachbarn gesellte sich zu uns und bleib so dem Schicksal \u201eSuppenhuhn\u201c verschont. Es wurde sehr zutraulich und zog mit in unser Gartenhaus zu den Kaninchen. Im Winter fuhren \u201eGocki\u201c und ich zusammen Schlitten und hatten jede Menge Spa\u00df! W\u00e4hrend meiner Grundschulzeit entfachte meine gro\u00dfe Liebe f\u00fcr die Pferde, die auch mehrere Reitunf\u00e4lle nicht ersch\u00fcttern konnte. Nach meinem Schulabschluss stand ein Beruf mit Tieren ganz oben auf meiner Liste, doch leider wollte sich nichts Passendes finden lassen und so begann ich letztendlich eine Ausbildung zur B\u00fcrokauffrau und schloss gleich eine Weiterbildung zur Bilanzbuchhalterin an. Das war auch viele Jahre \u2013 ich nenne es mal \u201enett\u201c \u2013 doch es erf\u00fcllte nicht mein Herz, es f\u00fchlte sich immer an wie ein Beruf ohne Seele. Im Juni 2003 zog dann Sir Henry, ein Parson Russell Terrier bei uns ein. Er ver\u00e4nderte alles und brachte mich auf den Weg der Naturheilkunde. Dieser Weg Krankheiten zu begegnen und zu heilen faszinierte mich immer mehr uns so beschloss ich im Dezember 2006 eine Ausbildung zu Tierheilpraktikerin zu machen. Schon nach kurzer Zeit erkannte ich, dass ich meine Berufung gefunden habe. Im Januar 2009 er\u00f6ffnete ich meine Praxis und da die Zahl der Patienten schnell wuchs, k\u00fcndige ich meinen B\u00fcrojob, um mich ganz den Tieren zu widmen. Viele Menschen und Tiere haben dazu beigetragen, dass ich heute der Mensch, der ich bin. Meine wichtigsten Begleiter Meine Ausbildung Man sieht nur mit dem Herzen gut. Das Wesentliche ist f\u00fcr die Augen unsichtbar. Antoine de Saint-Exup\u00e9ry Ein Zitat, welches mein Leben sehr gepr\u00e4gt hat und immer noch pr\u00e4gt. Und so ist aus dem Herzen heraus mein Ausbildungsweg entstanden. Noch immer glaube ich, dass den M\u00f6glichkeiten Tieren zu helfen keine Grenzen gesetzt sind. Aus diesem Grund nehme ich st\u00e4ndig an Fort- und Weiterbildungen teil. Die umfangreiche Weiterbildung zum TCVM-Therapeuten (Traditionell Chinesische Veterin\u00e4r Medizin) und Ausbildung in Craniosacral-Therapie bieten mir noch mehr individuelle und ganzheitliche Behandlungswege. 2001Abschluss Gepr\u00fcfte Bilanzbuchhalterin IHK 2007Reiki I bis Meistergrad seit 2008&nbsp;Mitglied Arbeitsgemeinschaft Deutscher Tierheilpraktiker (ADT im FVDH e.V.) 2008Sachkundenachweis nach \u00a7 50 Arzneimittelgesetz IHK 2006\u20132009&nbsp;Ausbildung Tierheilpraktikerin und ganzheitliche Verhaltenstherapeutin f\u00fcr Hunde, Katzen und Pferde \u2013 Abschlusspr\u00fcfung ADT im FVDH e.V. 2010Fortbildung Di\u00e4tetik bei Hunden und Katzen 2011Ausbildung Mykotherapie \u2013 Heilen mit Pilzen bei Franz Schmaus 2012\u20132013Ausbildung Traditionelle Chinesische Medizin (TCM) 2010\u20132014Seminare Spagyrik nach Dr. Zimpel 2013Basiskurz des flexiblen Tapings 2013Einweihung in das Erian-Licht-System 2012\u20132013Ausbildung Craniosacral-Therapie (84 Lehrstunden) 2014Geistige Wirbels\u00e4ulenaufrichtung nach Pjotr Elkunoviz 2008\u20132016Dozentin an der Tiernaturheilkundeschule Britta Vock 2018Fortbildung Bioenergetisches Austesten und der Emotionscode 2019Fortbildung\/Coaching f\u00fcr energetische Anwendungen 2019Ayurveda in Sri Lanka, Bentota Pure Nature Ayurveda HouseSeit meiner Ayurveda-Kur im Sommer 2019 besch\u00e4ftige ich mich mit dieser Heilmethode und versuche sie mehr und mehr in meine Arbeit mit einflie\u00dfen zu lassen.<\/p>\n","protected":false},"author":1,"featured_media":0,"parent":0,"menu_order":1,"comment_status":"closed","ping_status":"closed","template":"","meta":{"footnotes":""},"class_list":["post-95","page","type-page","status-publish","hentry"],"acf":[],"_links":{"self":[{"href":"https:\/\/thp-naturheilkunde.de\/index.php?rest_route=\/wp\/v2\/pages\/95","targetHints":{"allow":["GET"]}}],"collection":[{"href":"https:\/\/thp-naturheilkunde.de\/index.php?rest_route=\/wp\/v2\/pages"}],"about":[{"href":"https:\/\/thp-naturheilkunde.de\/index.php?rest_route=\/wp\/v2\/types\/page"}],"author":[{"embeddable":true,"href":"https:\/\/thp-naturheilkunde.de\/index.php?rest_route=\/wp\/v2\/users\/1"}],"replies":[{"embeddable":true,"href":"https:\/\/thp-naturheilkunde.de\/index.php?rest_route=%2Fwp%2Fv2%2Fcomments&post=95"}],"version-history":[{"count":46,"href":"https:\/\/thp-naturheilkunde.de\/index.php?rest_route=\/wp\/v2\/pages\/95\/revisions"}],"predecessor-version":[{"id":1024,"href":"https:\/\/thp-naturheilkunde.de\/index.php?rest_route=\/wp\/v2\/pages\/95\/revisions\/1024"}],"wp:attachment":[{"href":"https:\/\/thp-naturheilkunde.de\/index.php?rest_route=%2Fwp%2Fv2%2Fmedia&parent=95"}],"curies":[{"name":"wp","href":"https:\/\/api.w.org\/{rel}","templated":true}]}}