{"id":257,"date":"2020-02-01T14:43:08","date_gmt":"2020-02-01T14:43:08","guid":{"rendered":"http:\/\/thp-naturheilkunde.de\/?page_id=257"},"modified":"2023-03-17T09:25:17","modified_gmt":"2023-03-17T09:25:17","slug":"aromatherapie","status":"publish","type":"page","link":"https:\/\/thp-naturheilkunde.de\/?page_id=257","title":{"rendered":"Aromatherapie"},"content":{"rendered":"\n<div class=\"wp-block-columns is-layout-flex wp-container-core-columns-is-layout-9d6595d7 wp-block-columns-is-layout-flex\">\n<div class=\"wp-block-column is-layout-flow wp-block-column-is-layout-flow\">\n<figure class=\"wp-block-image size-large is-style-default\"><img fetchpriority=\"high\" decoding=\"async\" width=\"1908\" height=\"2543\" src=\"http:\/\/thp-naturheilkunde.de\/wp-content\/uploads\/2023\/03\/Lavendel-edited-2.jpg\" alt=\"\" class=\"wp-image-752\" srcset=\"https:\/\/thp-naturheilkunde.de\/wp-content\/uploads\/2023\/03\/Lavendel-edited-2.jpg 1908w, https:\/\/thp-naturheilkunde.de\/wp-content\/uploads\/2023\/03\/Lavendel-edited-2-225x300.jpg 225w, https:\/\/thp-naturheilkunde.de\/wp-content\/uploads\/2023\/03\/Lavendel-edited-2-768x1024.jpg 768w, https:\/\/thp-naturheilkunde.de\/wp-content\/uploads\/2023\/03\/Lavendel-edited-2-1152x1536.jpg 1152w, https:\/\/thp-naturheilkunde.de\/wp-content\/uploads\/2023\/03\/Lavendel-edited-2-1537x2048.jpg 1537w, https:\/\/thp-naturheilkunde.de\/wp-content\/uploads\/2023\/03\/Lavendel-edited-2-1140x1519.jpg 1140w\" sizes=\"(max-width: 1908px) 100vw, 1908px\" \/><\/figure>\n<\/div>\n\n\n\n<div class=\"wp-block-column is-layout-flow wp-block-column-is-layout-flow\">\n<p>Die Aromatherapie ist ein wichtiger Teilbereich der Pflanzenheilkunde, bei der aus duftenden Bl\u00fcten, Schalen, Bl\u00e4ttern, H\u00f6lzern, Wurzeln und Harzen \u00e4therische \u00d6le gewonnen werden. Jedes dieser \u00d6le besitzt durch die Vielzahl an Inhaltsstoffen ein einzigartiges Wirkspektrum. Entsprechend umfangreich ist auch ihr Einsatz bei vielen Beschwerden und Krankheiten, welches in wissenschaftlichen Studien belegt wurde. In der Aromatherapie werden nur \u00e4therische \u00d6le von h\u00f6chster Qualit\u00e4t verwendet.<\/p>\n\n\n\n<p>\u00c4therische \u00d6le sind fettl\u00f6slich und werden problemlos von den Schleimh\u00e4uten absorbiert und gelangen so direkt in den Organismus von Mensch oder Tier. \u00dcber das Blut und die Lymphbahnen werden die Wirkstoffe dann zu den Organen transportiert.<\/p>\n\n\n\n<p>Sie wirken auf die Psyche ebenso wie auf den K\u00f6rper und erm\u00f6glichen dadurch eine Ganzheitliche Behandlung im Sinne des Tieres. <\/p>\n\n\n\n<p>\u00c4therische \u00d6le wirken zum Beispiel antibakteriell, antiviral, fungizid, beruhigend, anregend, ausgleichend, krampfl\u00f6send, schmerzlindernd und entz\u00fcndungshemmend.<\/p>\n\n\n\n<p>Gerade im Bereich der Insektenabwehr bei Pferden k\u00f6nnen \u00e4therische \u00d6le sehr wirkungsvoll eingesetzt werden. Aber auch als Massage\u00f6le, im Bereich der Hufpflege oder bei Hauterkrankungen finden sie ihren Einsatz.<\/p>\n\n\n\n<p>Atemwegserkrankung, wie sie h\u00e4ufig bei Pferden zu finden sind, k\u00f6nnen mit Hilfe von \u00e4therischen \u00d6len wesentlich gelindert werden.<\/p>\n\n\n\n<p>Allerdings ist bei der Anwendung von \u00e4therischen \u00d6len zu bedenken, dass die Tiere einen sehr feinen Geruchssinn besitzen und die sie daher nur in geringen Konzentrationen verwendet werden sollten.<\/p>\n<\/div>\n<\/div>\n\n\n\n<p><\/p>\n","protected":false},"excerpt":{"rendered":"<p>Die Aromatherapie ist ein wichtiger Teilbereich der Pflanzenheilkunde, bei der aus duftenden Bl\u00fcten, Schalen, Bl\u00e4ttern, H\u00f6lzern, Wurzeln und Harzen \u00e4therische \u00d6le gewonnen werden. Jedes dieser \u00d6le besitzt durch die Vielzahl an Inhaltsstoffen ein einzigartiges Wirkspektrum. Entsprechend umfangreich ist auch ihr Einsatz bei vielen Beschwerden und Krankheiten, welches in wissenschaftlichen Studien belegt wurde. In der Aromatherapie werden nur \u00e4therische \u00d6le von h\u00f6chster Qualit\u00e4t verwendet. \u00c4therische \u00d6le sind fettl\u00f6slich und werden problemlos von den Schleimh\u00e4uten absorbiert und gelangen so direkt in den Organismus von Mensch oder Tier. \u00dcber das Blut und die Lymphbahnen werden die Wirkstoffe dann zu den Organen transportiert. Sie wirken auf die Psyche ebenso wie auf den K\u00f6rper und erm\u00f6glichen dadurch eine Ganzheitliche Behandlung im Sinne des Tieres. \u00c4therische \u00d6le wirken zum Beispiel antibakteriell, antiviral, fungizid, beruhigend, anregend, ausgleichend, krampfl\u00f6send, schmerzlindernd und entz\u00fcndungshemmend. Gerade im Bereich der Insektenabwehr bei Pferden k\u00f6nnen \u00e4therische \u00d6le sehr wirkungsvoll eingesetzt werden. Aber auch als Massage\u00f6le, im Bereich der Hufpflege oder bei Hauterkrankungen finden sie ihren Einsatz. Atemwegserkrankung, wie sie h\u00e4ufig bei Pferden zu finden sind, k\u00f6nnen mit Hilfe von \u00e4therischen \u00d6len wesentlich gelindert werden. Allerdings ist bei der Anwendung von \u00e4therischen \u00d6len zu bedenken, dass die Tiere einen sehr feinen Geruchssinn besitzen und die sie daher nur in geringen Konzentrationen verwendet werden sollten.<\/p>\n","protected":false},"author":1,"featured_media":0,"parent":0,"menu_order":0,"comment_status":"closed","ping_status":"closed","template":"","meta":{"footnotes":""},"class_list":["post-257","page","type-page","status-publish","hentry"],"acf":[],"_links":{"self":[{"href":"https:\/\/thp-naturheilkunde.de\/index.php?rest_route=\/wp\/v2\/pages\/257","targetHints":{"allow":["GET"]}}],"collection":[{"href":"https:\/\/thp-naturheilkunde.de\/index.php?rest_route=\/wp\/v2\/pages"}],"about":[{"href":"https:\/\/thp-naturheilkunde.de\/index.php?rest_route=\/wp\/v2\/types\/page"}],"author":[{"embeddable":true,"href":"https:\/\/thp-naturheilkunde.de\/index.php?rest_route=\/wp\/v2\/users\/1"}],"replies":[{"embeddable":true,"href":"https:\/\/thp-naturheilkunde.de\/index.php?rest_route=%2Fwp%2Fv2%2Fcomments&post=257"}],"version-history":[{"count":4,"href":"https:\/\/thp-naturheilkunde.de\/index.php?rest_route=\/wp\/v2\/pages\/257\/revisions"}],"predecessor-version":[{"id":753,"href":"https:\/\/thp-naturheilkunde.de\/index.php?rest_route=\/wp\/v2\/pages\/257\/revisions\/753"}],"wp:attachment":[{"href":"https:\/\/thp-naturheilkunde.de\/index.php?rest_route=%2Fwp%2Fv2%2Fmedia&parent=257"}],"curies":[{"name":"wp","href":"https:\/\/api.w.org\/{rel}","templated":true}]}}