{"id":247,"date":"2020-02-01T14:33:48","date_gmt":"2020-02-01T14:33:48","guid":{"rendered":"http:\/\/thp-naturheilkunde.de\/?page_id=247"},"modified":"2024-05-06T13:28:12","modified_gmt":"2024-05-06T13:28:12","slug":"australische-buschblueten","status":"publish","type":"page","link":"https:\/\/thp-naturheilkunde.de\/?page_id=247","title":{"rendered":"Australische Buschbl\u00fcten"},"content":{"rendered":"\n<div class=\"wp-block-columns is-layout-flex wp-container-core-columns-is-layout-9d6595d7 wp-block-columns-is-layout-flex\">\n<div class=\"wp-block-column is-layout-flow wp-block-column-is-layout-flow\">\n<p>Die Aborigines (Ureinwohner Australiens) erkannten schon vor Tausenden von Jahren die Kraft der Bl\u00fcten. Sie a\u00dfen einfach die ganze Bl\u00fcte wobei die Essenz in Form von Tau (durch das Sonnenlicht potenziert) direkt mit eingenommen wurde. So profitierten sie gleich in zweierlei Hinsicht von den Bl\u00fcten, einmal vom N\u00e4hrwert der Pflanze und einmal von der gespeicherten Sonnenenergie.<\/p>\n\n\n\n<p>Manchmal wurden die Bl\u00fcten aus Geschmacksgr\u00fcnden zu sich genommen und, aber auch die Heilkraft von ungeniessbaren Bl\u00fcten wurden genutzt, indem sich mitten in eine solche Pflanzengruppe gesetzt und die Heilwirkung auf diese Art und Weise aufgenommen wurde.<\/p>\n\n\n\n<p>Der Einsatz von Bl\u00fcten zu gesundheitlichen Zwecken war und ist f\u00fcr die australischen Ureinwohner noch immer ein angenehmes Ritual. Wenn man sich mit dem Thema Australische Buschbl\u00fcten besch\u00e4ftigt, so st\u00f6\u00dft man immer wieder auf zwei Personen: Ian White (Australian Bush Flower Essences) und Juta Stepanov (Love Remedies).<\/p>\n\n\n\n<p>Mittlerweile finden die Buschbl\u00fcten immer mehr ihren Einsatz auch in der Tiertherapie. Gerade auch in der ganzheitlichen Verhaltenstherapie bei Hund, Katze und Pferd. Sie werden \u00e4hnlich wie die bereits sehr bekannten Bachbl\u00fcten unterst\u00fctzend eingesetzt, um Verhaltensprobleme oder Traumata zu bew\u00e4ltigen. Wurde von einem sachkundigen Therapeuten die exakte Bl\u00fctenmischung auf das Tier, die Situation und den Halter ausgew\u00e4hlt, so greifen die Buschbl\u00fcten im Tierbereich nach meinen Erfahrungen jedoch viel schneller als die Bachbl\u00fcten.<\/p>\n<\/div>\n<\/div>\n\n\n\n<p><\/p>\n\n\n\n<p><strong>M\u00f6gliche Einsatzgebiete:<\/strong><\/p>\n\n\n\n<ul class=\"wp-block-list\">\n<li>Verhaltensauff\u00e4lligkeiten\nund Verhaltenskorrekturen (Angst, \u00c4ngstlichkeit, Aggression, Depression,\nLernschw\u00e4chen etc.) in der ganzheitlichen Verhaltenstherapie<\/li>\n\n\n\n<li>Traumatisierte Tiere (nach Unf\u00e4llen, Tierheimtiere, misshandelte Tiere, Tod eines Familienmitgliedes oder Rudelmitgliedes)<\/li>\n\n\n\n<li>Integrierung\nin Rudel oder Herde<\/li>\n\n\n\n<li>Leck-Ekzem<\/li>\n\n\n\n<li>Sterbe-\nund Trauerbegleitung<\/li>\n<\/ul>\n\n\n\n<p>Leider kommt es nicht nur im Alter immer wieder vor, dass ein einst agiler Hund durch k\u00f6rperliche Gebrechen nicht mehr seinen gewohnten Besch\u00e4ftigungen nachkommen kann. Auch setzt oft eine gewisse Alterssenilit\u00e4t ein. Auch in diesen Bereichen k\u00f6nnen gezielte Buschbl\u00fcten-Mischungen eingesetzt werden, damit die Tiere ihren neuen Lebensabschnitt besser akzeptieren und annehmen k\u00f6nnen.<\/p>\n","protected":false},"excerpt":{"rendered":"<p>Die Aborigines (Ureinwohner Australiens) erkannten schon vor Tausenden von Jahren die Kraft der Bl\u00fcten. Sie a\u00dfen einfach die ganze Bl\u00fcte wobei die Essenz in Form von Tau (durch das Sonnenlicht potenziert) direkt mit eingenommen wurde. So profitierten sie gleich in zweierlei Hinsicht von den Bl\u00fcten, einmal vom N\u00e4hrwert der Pflanze und einmal von der gespeicherten Sonnenenergie. Manchmal wurden die Bl\u00fcten aus Geschmacksgr\u00fcnden zu sich genommen und, aber auch die Heilkraft von ungeniessbaren Bl\u00fcten wurden genutzt, indem sich mitten in eine solche Pflanzengruppe gesetzt und die Heilwirkung auf diese Art und Weise aufgenommen wurde. Der Einsatz von Bl\u00fcten zu gesundheitlichen Zwecken war und ist f\u00fcr die australischen Ureinwohner noch immer ein angenehmes Ritual. Wenn man sich mit dem Thema Australische Buschbl\u00fcten besch\u00e4ftigt, so st\u00f6\u00dft man immer wieder auf zwei Personen: Ian White (Australian Bush Flower Essences) und Juta Stepanov (Love Remedies). Mittlerweile finden die Buschbl\u00fcten immer mehr ihren Einsatz auch in der Tiertherapie. Gerade auch in der ganzheitlichen Verhaltenstherapie bei Hund, Katze und Pferd. Sie werden \u00e4hnlich wie die bereits sehr bekannten Bachbl\u00fcten unterst\u00fctzend eingesetzt, um Verhaltensprobleme oder Traumata zu bew\u00e4ltigen. Wurde von einem sachkundigen Therapeuten die exakte Bl\u00fctenmischung auf das Tier, die Situation und den Halter ausgew\u00e4hlt, so greifen die Buschbl\u00fcten im Tierbereich nach meinen Erfahrungen jedoch viel schneller als die Bachbl\u00fcten. M\u00f6gliche Einsatzgebiete: Leider kommt es nicht nur im Alter immer wieder vor, dass ein einst agiler Hund durch k\u00f6rperliche Gebrechen nicht mehr seinen gewohnten Besch\u00e4ftigungen nachkommen kann. Auch setzt oft eine gewisse Alterssenilit\u00e4t ein. Auch in diesen Bereichen k\u00f6nnen gezielte Buschbl\u00fcten-Mischungen eingesetzt werden, damit die Tiere ihren neuen Lebensabschnitt besser akzeptieren und annehmen k\u00f6nnen.<\/p>\n","protected":false},"author":1,"featured_media":870,"parent":0,"menu_order":0,"comment_status":"closed","ping_status":"closed","template":"","meta":{"footnotes":""},"class_list":["post-247","page","type-page","status-publish","has-post-thumbnail","hentry"],"acf":[],"_links":{"self":[{"href":"https:\/\/thp-naturheilkunde.de\/index.php?rest_route=\/wp\/v2\/pages\/247","targetHints":{"allow":["GET"]}}],"collection":[{"href":"https:\/\/thp-naturheilkunde.de\/index.php?rest_route=\/wp\/v2\/pages"}],"about":[{"href":"https:\/\/thp-naturheilkunde.de\/index.php?rest_route=\/wp\/v2\/types\/page"}],"author":[{"embeddable":true,"href":"https:\/\/thp-naturheilkunde.de\/index.php?rest_route=\/wp\/v2\/users\/1"}],"replies":[{"embeddable":true,"href":"https:\/\/thp-naturheilkunde.de\/index.php?rest_route=%2Fwp%2Fv2%2Fcomments&post=247"}],"version-history":[{"count":6,"href":"https:\/\/thp-naturheilkunde.de\/index.php?rest_route=\/wp\/v2\/pages\/247\/revisions"}],"predecessor-version":[{"id":916,"href":"https:\/\/thp-naturheilkunde.de\/index.php?rest_route=\/wp\/v2\/pages\/247\/revisions\/916"}],"wp:featuredmedia":[{"embeddable":true,"href":"https:\/\/thp-naturheilkunde.de\/index.php?rest_route=\/wp\/v2\/media\/870"}],"wp:attachment":[{"href":"https:\/\/thp-naturheilkunde.de\/index.php?rest_route=%2Fwp%2Fv2%2Fmedia&parent=247"}],"curies":[{"name":"wp","href":"https:\/\/api.w.org\/{rel}","templated":true}]}}